{"id":95,"date":"2025-10-05T16:10:40","date_gmt":"2025-10-05T16:10:40","guid":{"rendered":"https:\/\/accompagnement.academy\/?page_id=95"},"modified":"2025-10-05T16:26:13","modified_gmt":"2025-10-05T16:26:13","slug":"accompagnement-associatif","status":"publish","type":"page","link":"https:\/\/accompagnement.academy\/index.php\/accompagnement-associatif\/","title":{"rendered":"Accompagnement associatif"},"content":{"rendered":"\n<p>Accompagner une association, c\u2019est soutenir un projet porteur de sens au c\u0153ur de l\u2019\u00e9conomie sociale et solidaire. Nous vous guidons dans la cr\u00e9ation, l\u2019organisation et le d\u00e9veloppement de votre structure, tout en favorisant l\u2019impact social et la mobilisation des b\u00e9n\u00e9voles. Notre d\u00e9marche combine conseils pratiques, formation et accompagnement personnalis\u00e9 pour assurer la p\u00e9rennit\u00e9 et l\u2019efficacit\u00e9 de votre action.<\/p>\n\n\n\n<p><\/p>\n\n\n\n<p><\/p>\n\n\n\n<p><\/p>\n\n\n\n<h2 class=\"wp-block-heading\">Les \u00e9tapes de l&rsquo;accompagnement <\/h2>\n\n\n\n<p><\/p>\n\n\n\n<p>1\/ <strong>Analyse des besoins et du projet<\/strong><\/p>\n\n\n\n<ul class=\"wp-block-list\">\n<li>Compr\u00e9hension des objectifs de l\u2019association (social, culturel, sportif, \u00e9ducatif, etc.).<\/li>\n\n\n\n<li>Diagnostic des forces et points de vigilance.<\/li>\n\n\n\n<li>D\u00e9finition de la vision et de la mission.<\/li>\n<\/ul>\n\n\n\n<p>2\/ <strong>Cr\u00e9ation et structuration de l\u2019association<\/strong><\/p>\n\n\n\n<ul class=\"wp-block-list\">\n<li>R\u00e9daction et d\u00e9p\u00f4t des statuts.<\/li>\n\n\n\n<li>D\u00e9claration en pr\u00e9fecture et obtention du r\u00e9c\u00e9piss\u00e9.<\/li>\n\n\n\n<li>Mise en place du r\u00e8glement int\u00e9rieur et des organes de gouvernance.<\/li>\n<\/ul>\n\n\n\n<p>3\/ <strong>Organisation administrative et juridique<\/strong><\/p>\n\n\n\n<ul class=\"wp-block-list\">\n<li>Ouverture d\u2019un compte bancaire associatif.<\/li>\n\n\n\n<li>Mise en place de proc\u00e9dures de gestion simples (adh\u00e9sions, cotisations, tr\u00e9sorerie).<\/li>\n\n\n\n<li>Respect des obligations l\u00e9gales et r\u00e9glementaires.<\/li>\n<\/ul>\n\n\n\n<p>4\/ <strong>D\u00e9veloppement et financement<\/strong><\/p>\n\n\n\n<ul class=\"wp-block-list\">\n<li>Recherche de subventions publiques et partenariats priv\u00e9s.<\/li>\n\n\n\n<li>Mise en place d\u2019outils de financement participatif ou d\u2019\u00e9v\u00e9nements.<\/li>\n\n\n\n<li>\u00c9laboration d\u2019un budget pr\u00e9visionnel et suivi de la comptabilit\u00e9.<\/li>\n<\/ul>\n\n\n\n<p>5\/ <strong>Communication et mobilisation<\/strong><\/p>\n\n\n\n<ul class=\"wp-block-list\">\n<li>D\u00e9finition d\u2019une strat\u00e9gie de communication (site web, r\u00e9seaux sociaux, affiches, presse locale).<\/li>\n\n\n\n<li>D\u00e9veloppement de la visibilit\u00e9 et attractivit\u00e9 de l\u2019association.<\/li>\n\n\n\n<li>Mobilisation et fid\u00e9lisation des adh\u00e9rents et b\u00e9n\u00e9voles.<\/li>\n<\/ul>\n\n\n\n<p>6\/ <strong>Suivi et accompagnement continu<\/strong><\/p>\n\n\n\n<ul class=\"wp-block-list\">\n<li>Coaching des responsables associatifs.<\/li>\n\n\n\n<li>Aide \u00e0 la r\u00e9solution de difficult\u00e9s (juridiques, financi\u00e8res, humaines).<\/li>\n\n\n\n<li>Suivi r\u00e9gulier des actions et \u00e9valuation de l\u2019impact.<\/li>\n<\/ul>\n\n\n\n<p><\/p>\n\n\n\n<p><\/p>\n\n\n\n<p><\/p>\n\n\n\n<div class=\"wp-block-buttons is-layout-flex wp-block-buttons-is-layout-flex\">\n<div class=\"wp-block-button\"><a class=\"wp-block-button__link wp-element-button\">Devis sous 24 heures <\/a><\/div>\n<\/div>\n","protected":false},"excerpt":{"rendered":"<p>Accompagner une association, c\u2019est soutenir un projet porteur de sens au c\u0153ur de l\u2019\u00e9conomie sociale et solidaire. Nous vous guidons dans la cr\u00e9ation, l\u2019organisation et le d\u00e9veloppement de votre structure, tout en favorisant l\u2019impact social et la mobilisation des b\u00e9n\u00e9voles. Notre d\u00e9marche combine conseils pratiques, formation et accompagnement personnalis\u00e9 pour assurer la p\u00e9rennit\u00e9 et l\u2019efficacit\u00e9 [&hellip;]<\/p>\n","protected":false},"author":1,"featured_media":0,"parent":0,"menu_order":0,"comment_status":"closed","ping_status":"closed","template":"","meta":{"footnotes":""},"class_list":["post-95","page","type-page","status-publish","hentry"],"_links":{"self":[{"href":"https:\/\/accompagnement.academy\/index.php\/wp-json\/wp\/v2\/pages\/95","targetHints":{"allow":["GET"]}}],"collection":[{"href":"https:\/\/accompagnement.academy\/index.php\/wp-json\/wp\/v2\/pages"}],"about":[{"href":"https:\/\/accompagnement.academy\/index.php\/wp-json\/wp\/v2\/types\/page"}],"author":[{"embeddable":true,"href":"https:\/\/accompagnement.academy\/index.php\/wp-json\/wp\/v2\/users\/1"}],"replies":[{"embeddable":true,"href":"https:\/\/accompagnement.academy\/index.php\/wp-json\/wp\/v2\/comments?post=95"}],"version-history":[{"count":2,"href":"https:\/\/accompagnement.academy\/index.php\/wp-json\/wp\/v2\/pages\/95\/revisions"}],"predecessor-version":[{"id":101,"href":"https:\/\/accompagnement.academy\/index.php\/wp-json\/wp\/v2\/pages\/95\/revisions\/101"}],"wp:attachment":[{"href":"https:\/\/accompagnement.academy\/index.php\/wp-json\/wp\/v2\/media?parent=95"}],"curies":[{"name":"wp","href":"https:\/\/api.w.org\/{rel}","templated":true}]}}