{"id":51,"date":"2025-10-05T15:57:00","date_gmt":"2025-10-05T15:57:00","guid":{"rendered":"https:\/\/accompagnement.academy\/?page_id=51"},"modified":"2025-10-05T16:11:35","modified_gmt":"2025-10-05T16:11:35","slug":"accompagnement-a-la-creation-de-projet-societe-associatif","status":"publish","type":"page","link":"https:\/\/accompagnement.academy\/index.php\/accompagnement-a-la-creation-de-projet-societe-associatif\/","title":{"rendered":"Accompagnement \u00e0 la cr\u00e9ation de projet \/ soci\u00e9t\u00e9 \/ associatif"},"content":{"rendered":"\n<p>Un accompagnement de projet, c\u2019est bien plus qu\u2019un simple suivi : c\u2019est la mise en place d\u2019un v\u00e9ritable service de conseil, enrichi par une d\u00e9marche de coaching personnalis\u00e9e. Notre objectif : vous offrir s\u00e9curit\u00e9, comp\u00e9tences et s\u00e9r\u00e9nit\u00e9 dans le d\u00e9veloppement de votre activit\u00e9.<\/p>\n\n\n\n<p>Que vous soyez une entreprise ou une association, nous pla\u00e7ons l\u2019\u00e9coute et l\u2019adaptation \u00e0 vos besoins au c\u0153ur de notre m\u00e9thode.<\/p>\n\n\n\n<p><\/p>\n\n\n\n<div class=\"wp-block-columns are-vertically-aligned-center is-layout-flex wp-container-core-columns-is-layout-28f84493 wp-block-columns-is-layout-flex\">\n<div class=\"wp-block-column is-vertically-aligned-center is-layout-flow wp-block-column-is-layout-flow\">\n<div class=\"wp-block-buttons is-layout-flex wp-block-buttons-is-layout-flex\">\n<div class=\"wp-block-button\"><a class=\"wp-block-button__link wp-element-button\" href=\"https:\/\/accompagnement.academy\/index.php\/accompagnement-pme\/\">Accompagnement PME <\/a><\/div>\n<\/div>\n<\/div>\n\n\n\n<div class=\"wp-block-column is-vertically-aligned-center is-layout-flow wp-block-column-is-layout-flow\">\n<div class=\"wp-block-buttons is-layout-flex wp-block-buttons-is-layout-flex\">\n<div class=\"wp-block-button\"><a class=\"wp-block-button__link wp-element-button\" href=\"https:\/\/accompagnement.academy\/index.php\/accompagnement-commerces\/\">Accompagnement Commerces<\/a><\/div>\n<\/div>\n<\/div>\n\n\n\n<div class=\"wp-block-column is-vertically-aligned-center is-layout-flow wp-block-column-is-layout-flow\">\n<div class=\"wp-block-buttons is-layout-flex wp-block-buttons-is-layout-flex\">\n<div class=\"wp-block-button\"><a class=\"wp-block-button__link wp-element-button\" href=\"https:\/\/accompagnement.academy\/index.php\/accompagnement-associatif\/\">Accompagnement association <\/a><\/div>\n<\/div>\n<\/div>\n<\/div>\n\n\n\n<p><\/p>\n","protected":false},"excerpt":{"rendered":"<p>Un accompagnement de projet, c\u2019est bien plus qu\u2019un simple suivi : c\u2019est la mise en place d\u2019un v\u00e9ritable service de conseil, enrichi par une d\u00e9marche de coaching personnalis\u00e9e. Notre objectif : vous offrir s\u00e9curit\u00e9, comp\u00e9tences et s\u00e9r\u00e9nit\u00e9 dans le d\u00e9veloppement de votre activit\u00e9. Que vous soyez une entreprise ou une association, nous pla\u00e7ons l\u2019\u00e9coute et [&hellip;]<\/p>\n","protected":false},"author":1,"featured_media":0,"parent":0,"menu_order":0,"comment_status":"closed","ping_status":"closed","template":"","meta":{"footnotes":""},"class_list":["post-51","page","type-page","status-publish","hentry"],"_links":{"self":[{"href":"https:\/\/accompagnement.academy\/index.php\/wp-json\/wp\/v2\/pages\/51","targetHints":{"allow":["GET"]}}],"collection":[{"href":"https:\/\/accompagnement.academy\/index.php\/wp-json\/wp\/v2\/pages"}],"about":[{"href":"https:\/\/accompagnement.academy\/index.php\/wp-json\/wp\/v2\/types\/page"}],"author":[{"embeddable":true,"href":"https:\/\/accompagnement.academy\/index.php\/wp-json\/wp\/v2\/users\/1"}],"replies":[{"embeddable":true,"href":"https:\/\/accompagnement.academy\/index.php\/wp-json\/wp\/v2\/comments?post=51"}],"version-history":[{"count":4,"href":"https:\/\/accompagnement.academy\/index.php\/wp-json\/wp\/v2\/pages\/51\/revisions"}],"predecessor-version":[{"id":97,"href":"https:\/\/accompagnement.academy\/index.php\/wp-json\/wp\/v2\/pages\/51\/revisions\/97"}],"wp:attachment":[{"href":"https:\/\/accompagnement.academy\/index.php\/wp-json\/wp\/v2\/media?parent=51"}],"curies":[{"name":"wp","href":"https:\/\/api.w.org\/{rel}","templated":true}]}}