{"id":160,"date":"2026-04-14T09:02:53","date_gmt":"2026-04-14T09:02:53","guid":{"rendered":"https:\/\/accompagnement.academy\/?page_id=160"},"modified":"2026-04-14T09:02:53","modified_gmt":"2026-04-14T09:02:53","slug":"organisation-et-fonctionnement-des-collectivites-territoriales","status":"publish","type":"page","link":"https:\/\/accompagnement.academy\/index.php\/organisation-et-fonctionnement-des-collectivites-territoriales\/","title":{"rendered":"Organisation et fonctionnement des collectivit\u00e9s territoriales"},"content":{"rendered":"\n<p>Le paysage administratif fran\u00e7ais, construit autour de 3 fonctions publiques, a donn\u00e9 une place particuli\u00e8re aux collectivit\u00e9s territoriales, \u00e0 c\u00f4t\u00e9 de l\u2019\u00c9tat et de la fonction publique hospitali\u00e8re.<\/p>\n\n\n\n<p>Les diff\u00e9rentes \u00e9tapes de d\u00e9centralisation ont donn\u00e9 lieu \u00e0 une r\u00e9partition des comp\u00e9tences et des moyens diff\u00e9renci\u00e9s tant par niveau de collectivit\u00e9 (commune, d\u00e9partement, r\u00e9gion), par statut territorial (<strong>m\u00e9tropole, Outre-Mer, Polyn\u00e9sie, Nouvelle-Cal\u00e9donie<\/strong>), qu\u2019en termes d\u2019organisation horizontale (intercommunalit\u00e9, syndicats, entente, etc.), de fa\u00e7on autonome ou en coop\u00e9ration avec l\u2019\u00c9tat.<\/p>\n\n\n\n<p>Outre les missions de service public assur\u00e9es pour le compte de l\u2019\u00c9tat (\u00e9tat civil), les collectivit\u00e9s locales mettent en \u0153uvre des missions obligatoires de service public (ramassage des ordures m\u00e9nag\u00e8res), et des missions facultatives (culture, loisirs), dont l\u2019\u00e9lu local doit ma\u00eetriser l\u2019\u00e9tendue et les limites.<\/p>\n\n\n\n<h5 class=\"wp-block-heading\">Objectif :<\/h5>\n\n\n\n<ul class=\"wp-block-list\">\n<li>Conna\u00eetre le fonctionnement des collectivit\u00e9s\u00a0<\/li>\n\n\n\n<li>Comprendre les subtilit\u00e9s des exceptions territoriales\u00a0<\/li>\n\n\n\n<li>D\u00e9finit le positionnement de l\u2019\u00e9lu au sein de l\u2019organisation territoriale<\/li>\n\n\n\n<li>Comprendre le r\u00f4le des communes dans l\u2019intercommunalit\u00e9 et savoir l\u2019expliquer aux administr\u00e9s<\/li>\n<\/ul>\n\n\n\n<p>Programme<\/p>\n\n\n\n<ol class=\"wp-block-list\">\n<li><strong>Des collectivit\u00e9s territoriales tr\u00e8s diverses<\/strong>\n<ul class=\"wp-block-list\">\n<li>Communes, d\u00e9partements et r\u00e9gions<\/li>\n\n\n\n<li>Les collectivit\u00e9s \u00e0 statut particulier et les collectivit\u00e9s d\u2019outre-mer<\/li>\n\n\n\n<li>Le d\u00e9veloppement de l\u2019intercommunalit\u00e9 et des m\u00e9tropoles<\/li>\n<\/ul>\n<\/li>\n\n\n\n<li><strong>Les collectivit\u00e9s territoriales, des acteurs publics majeurs\u00a0<\/strong>\n<ul class=\"wp-block-list\">\n<li>Les comp\u00e9tences des collectivit\u00e9s territoriales<\/li>\n\n\n\n<li>Les finances des collectivit\u00e9s territoriales<\/li>\n\n\n\n<li>La fonction publique territoriale<\/li>\n<\/ul>\n<\/li>\n<\/ol>\n\n\n\n<p>Public concern\u00e9<\/p>\n\n\n\n<p>Tous les \u00e9lus locaux et certains\u00a0agents des collectivit\u00e9s territoriales sur demande simple aupr\u00e8s de notre organisme.<\/p>\n\n\n\n<p>Moyens p\u00e9dagogique<\/p>\n\n\n\n<p>Le travail s\u2019articulera entre les mises en situation, les \u00e9changes de savoir entre les participants et l\u2019aspect th\u00e9orique apport\u00e9 par l\u2019intervenant.<\/p>\n\n\n\n<p>Lors de formation intra-communales nous pr\u00e9parons des \u00e9tudes de cas cibl\u00e9es et des mises en situation concr\u00e8tes. Le programme de formation est modul\u00e9 sur mesure pour correspondre aux besoins des \u00e9lus, de la commune et des agents.<\/p>\n\n\n\n<p>Modalit\u00e9 d&rsquo;\u00e9valuation<\/p>\n\n\n\n<p>Suivi de l\u2019ex\u00e9cution :<\/p>\n\n\n\n<ul class=\"wp-block-list\">\n<li>Feuilles de pr\u00e9sence sign\u00e9es par les participants et le formateur par demi-journ\u00e9e de formation.<\/li>\n\n\n\n<li>Attestation de fin de formation mentionnant les objectifs, la nature et la dur\u00e9e de l\u2019action et les r\u00e9sultats de l\u2019\u00e9valuation des acquis de la formation<\/li>\n<\/ul>\n\n\n\n<p>Appr\u00e9ciation des r\u00e9sultats :&nbsp;<\/p>\n\n\n\n<ul class=\"wp-block-list\">\n<li>Recueil individuel des attentes du stagiaire \/ questionnaire d\u2019auto-\u00e9valuation des acquis en d\u00e9but et en fin de formation \/ \u00e9valuation continue durant la session \/ remise d\u2019une attestation de fin de formation.<\/li>\n\n\n\n<li>Questionnaire de satisfaction en fin de formation.<\/li>\n<\/ul>\n","protected":false},"excerpt":{"rendered":"<p>Le paysage administratif fran\u00e7ais, construit autour de 3 fonctions publiques, a donn\u00e9 une place particuli\u00e8re aux collectivit\u00e9s territoriales, \u00e0 c\u00f4t\u00e9 de l\u2019\u00c9tat et de la fonction publique hospitali\u00e8re. Les diff\u00e9rentes \u00e9tapes de d\u00e9centralisation ont donn\u00e9 lieu \u00e0 une r\u00e9partition des comp\u00e9tences et des moyens diff\u00e9renci\u00e9s tant par niveau de collectivit\u00e9 (commune, d\u00e9partement, r\u00e9gion), par statut [&hellip;]<\/p>\n","protected":false},"author":1,"featured_media":0,"parent":0,"menu_order":0,"comment_status":"closed","ping_status":"closed","template":"","meta":{"footnotes":""},"class_list":["post-160","page","type-page","status-publish","hentry"],"_links":{"self":[{"href":"https:\/\/accompagnement.academy\/index.php\/wp-json\/wp\/v2\/pages\/160","targetHints":{"allow":["GET"]}}],"collection":[{"href":"https:\/\/accompagnement.academy\/index.php\/wp-json\/wp\/v2\/pages"}],"about":[{"href":"https:\/\/accompagnement.academy\/index.php\/wp-json\/wp\/v2\/types\/page"}],"author":[{"embeddable":true,"href":"https:\/\/accompagnement.academy\/index.php\/wp-json\/wp\/v2\/users\/1"}],"replies":[{"embeddable":true,"href":"https:\/\/accompagnement.academy\/index.php\/wp-json\/wp\/v2\/comments?post=160"}],"version-history":[{"count":1,"href":"https:\/\/accompagnement.academy\/index.php\/wp-json\/wp\/v2\/pages\/160\/revisions"}],"predecessor-version":[{"id":161,"href":"https:\/\/accompagnement.academy\/index.php\/wp-json\/wp\/v2\/pages\/160\/revisions\/161"}],"wp:attachment":[{"href":"https:\/\/accompagnement.academy\/index.php\/wp-json\/wp\/v2\/media?parent=160"}],"curies":[{"name":"wp","href":"https:\/\/api.w.org\/{rel}","templated":true}]}}