{"id":151,"date":"2026-04-14T08:50:09","date_gmt":"2026-04-14T08:50:09","guid":{"rendered":"https:\/\/accompagnement.academy\/?page_id=151"},"modified":"2026-04-14T08:50:09","modified_gmt":"2026-04-14T08:50:09","slug":"gestion-administrative-locale","status":"publish","type":"page","link":"https:\/\/accompagnement.academy\/index.php\/gestion-administrative-locale\/","title":{"rendered":"Gestion administrative locale"},"content":{"rendered":"\n<p>Les collectivit\u00e9s territoriales et leurs groupements disposent de diff\u00e9rents types de missions, comp\u00e9tences et moyens associ\u00e9s, en partenariat avec l\u2019\u00c9tat et de mani\u00e8re autonome.&nbsp;<\/p>\n\n\n\n<p>L\u2019exercice du mandat local implique la&nbsp;<strong>connaissance de ces diff\u00e9rentes missions,<\/strong>&nbsp;encadr\u00e9es par des modes de gestion (directe, d\u00e9l\u00e9gu\u00e9e, march\u00e9s publics, SPIC\/SPA, etc.), de financement et de contr\u00f4le diff\u00e9rents, et s\u2019appuyant sur des&nbsp;<strong>actes administratifs<\/strong>&nbsp;et&nbsp;<strong>r\u00e9glementaires<\/strong>&nbsp;vari\u00e9s (<strong>arr\u00eat\u00e9, autorisation, permis, courrier, etc<\/strong>.).&nbsp;<\/p>\n\n\n\n<p>Ces formations permettent \u00e9galement, pour tout ou partie, l\u2019acquisition de comp\u00e9tences relevant des&nbsp;<strong>principes juridiques essentiels&nbsp;<\/strong>\u00e0 la gestion locale (libre administration, \u00e9galit\u00e9 des citoyens devant la loi, contr\u00f4le de l\u2019\u00c9tat a posteriori, etc.) et de l\u2019architecture des missions et comp\u00e9tences des collectivit\u00e9s et de leurs groupements.<\/p>\n\n\n\n<h5 class=\"wp-block-heading\">Objectif :<\/h5>\n\n\n\n<ul class=\"wp-block-list\">\n<li>Comprendre les enjeux de la gestion administrative locale<\/li>\n\n\n\n<li>Acqu\u00e9rir de comp\u00e9tences relevant des principes juridiques<\/li>\n\n\n\n<li>Conna\u00eetre les missions en liens avec les principes de gestion<\/li>\n\n\n\n<li>Conna\u00eetre les missions, comp\u00e9tences et moyens mis en place des collectivit\u00e9s territoriales<\/li>\n<\/ul>\n\n\n\n<p><\/p>\n\n\n\n<p><strong>Programme<\/strong><\/p>\n\n\n\n<ol class=\"wp-block-list\">\n<li>Les comp\u00e9tences du maire\n<ul class=\"wp-block-list\">\n<li>Officier de police judiciaire (par d\u00e9l\u00e9gation de l\u2019\u00c9tat)&nbsp;<\/li>\n\n\n\n<li>Exercice de la police municipale, Pouvoirs de police portant sur des objets particuliers&nbsp;<\/li>\n\n\n\n<li>Possibilit\u00e9 de cr\u00e9er une police municipale ou des postes de gardes champ\u00eatres ;&nbsp;<\/li>\n\n\n\n<li>Pr\u00e9vention de la d\u00e9linquance : le maire anime et coordonne le CLSPD<\/li>\n<\/ul>\n<\/li>\n\n\n\n<li>Le Maire et ses adjoints&nbsp;<ul><li>Le C.C.A.S&nbsp;<\/li><li>L\u2019office public HLM&nbsp;<\/li><\/ul>\n<ul class=\"wp-block-list\">\n<li>Structures culturelles<\/li>\n\n\n\n<li>Politique de la ville et les groupements d\u2019int\u00e9r\u00eat public<\/li>\n\n\n\n<li>Les syndicats mixtes&nbsp;<\/li>\n\n\n\n<li>Les communaut\u00e9s de communes ou m\u00e9tropoles&nbsp;<\/li>\n<\/ul>\n<\/li>\n\n\n\n<li>Les r\u00e9glementations juridiques&nbsp; ass\n<ul class=\"wp-block-list\">\n<li>La police municipale<\/li>\n\n\n\n<li>Le C.C.A.S&nbsp;<\/li>\n\n\n\n<li>L\u2019office HLM<\/li>\n\n\n\n<li>Les syndicats mixtes&nbsp;<\/li>\n\n\n\n<li>Les communaut\u00e9s de communes&nbsp;<\/li>\n\n\n\n<li>M\u00e9tropoles<\/li>\n<\/ul>\n<\/li>\n<\/ol>\n\n\n\n<p><strong>Public concern\u00e9<\/strong><\/p>\n\n\n\n<p>Tous les \u00e9lus locaux et certains\u00a0agents des collectivit\u00e9s territoriales int\u00e9ress\u00e9s par la gestion administrative locale sur demande simple aupr\u00e8s de notre organisme.<\/p>\n\n\n\n<p><strong>Moyens p\u00e9dagogique<\/strong><\/p>\n\n\n\n<p>Le travail s\u2019articulera entre les mises en situation, les \u00e9changes de savoir entre les participants et l\u2019aspect th\u00e9orique apport\u00e9 par l\u2019intervenant.<\/p>\n\n\n\n<p>Lors de formation intra-communales nous pr\u00e9parons des \u00e9tudes de cas cibl\u00e9es et des mises en situation concr\u00e8tes. Le programme de formation est modul\u00e9 sur mesure pour correspondre aux besoins des \u00e9lus, de la commune et des agents.<\/p>\n\n\n\n<p><strong>Modalit\u00e9 d&rsquo;\u00e9valuation<\/strong><\/p>\n\n\n\n<p>Suivi de l\u2019ex\u00e9cution :<\/p>\n\n\n\n<ul class=\"wp-block-list\">\n<li>Feuilles de pr\u00e9sence sign\u00e9es par les participants et le formateur par demi-journ\u00e9e de formation.<\/li>\n\n\n\n<li>Attestation de fin de formation mentionnant les objectifs, la nature et la dur\u00e9e de l\u2019action et les r\u00e9sultats de l\u2019\u00e9valuation des acquis de la formation<\/li>\n<\/ul>\n\n\n\n<p>Appr\u00e9ciation des r\u00e9sultats :&nbsp;<\/p>\n\n\n\n<ul class=\"wp-block-list\">\n<li>Recueil individuel des attentes du stagiaire \/ questionnaire d\u2019auto-\u00e9valuation des acquis en d\u00e9but et en fin de formation \/ \u00e9valuation continue durant la session \/ remise d\u2019une attestation de fin de formation.<\/li>\n\n\n\n<li>Questionnaire de satisfaction en fin de formation.<\/li>\n<\/ul>\n","protected":false},"excerpt":{"rendered":"<p>Les collectivit\u00e9s territoriales et leurs groupements disposent de diff\u00e9rents types de missions, comp\u00e9tences et moyens associ\u00e9s, en partenariat avec l\u2019\u00c9tat et de mani\u00e8re autonome.&nbsp; L\u2019exercice du mandat local implique la&nbsp;connaissance de ces diff\u00e9rentes missions,&nbsp;encadr\u00e9es par des modes de gestion (directe, d\u00e9l\u00e9gu\u00e9e, march\u00e9s publics, SPIC\/SPA, etc.), de financement et de contr\u00f4le diff\u00e9rents, et s\u2019appuyant sur des&nbsp;actes [&hellip;]<\/p>\n","protected":false},"author":1,"featured_media":0,"parent":0,"menu_order":0,"comment_status":"closed","ping_status":"closed","template":"","meta":{"footnotes":""},"class_list":["post-151","page","type-page","status-publish","hentry"],"_links":{"self":[{"href":"https:\/\/accompagnement.academy\/index.php\/wp-json\/wp\/v2\/pages\/151","targetHints":{"allow":["GET"]}}],"collection":[{"href":"https:\/\/accompagnement.academy\/index.php\/wp-json\/wp\/v2\/pages"}],"about":[{"href":"https:\/\/accompagnement.academy\/index.php\/wp-json\/wp\/v2\/types\/page"}],"author":[{"embeddable":true,"href":"https:\/\/accompagnement.academy\/index.php\/wp-json\/wp\/v2\/users\/1"}],"replies":[{"embeddable":true,"href":"https:\/\/accompagnement.academy\/index.php\/wp-json\/wp\/v2\/comments?post=151"}],"version-history":[{"count":1,"href":"https:\/\/accompagnement.academy\/index.php\/wp-json\/wp\/v2\/pages\/151\/revisions"}],"predecessor-version":[{"id":152,"href":"https:\/\/accompagnement.academy\/index.php\/wp-json\/wp\/v2\/pages\/151\/revisions\/152"}],"wp:attachment":[{"href":"https:\/\/accompagnement.academy\/index.php\/wp-json\/wp\/v2\/media?parent=151"}],"curies":[{"name":"wp","href":"https:\/\/api.w.org\/{rel}","templated":true}]}}